 t(c) = -c**2 - 10*c. Let f be 6/(-24) + 1/4 + 3. Let v be -16 + (-1)/(f/(-18)). Determine t(v).
0
Let a(d) = 8*d - 3*d**2 + 0*d**2 + 740 - 240 - 237 - 243. What is a(4)?
4
Let q(r) = -r + 12. Suppose 3 = h, -j = -h - 3 - 14. What is q(j)?
-8
Let n(z) = -z**2 - 4*z + 5. Let k(l) = l**2 - 12*l - 24. Let c be k(-8). Let q = c - 140. Calculate n(q).
5
Let z(y) = -y**3 - 2*y**2 + y + 4. Let v be z(0). Let g(s) = 2*s**2 + 6*s + 2. Let o(k) = 3*k**2 + 11*k + 3. Let q(d) = 5*g(d) - 3*o(d). Determine q(v).
5
Let b = -37 - -39. Suppose -5*i - b = -3*d + 14, 0 = -5*d + 4*i + 18. Suppose 5*q + u = 34, 5*u + 0 = -q + d. Let n(o) = -2*o + 9. Give n(q).
-5
Let q(b) = 1 + 1 + 0*b + 9*b + 5*b**2 - 1. Let x(i) = -7*i**2 + 26*i + 3*i**2 - 3*i**2 - 9*i**2 + 30*i**2 + 3. Let j(y) = -17*q(y) + 6*x(y). Give j(3).
1
Let i(s) = -s**3 + s**2 - s. Let g = -161 + 86. Let l = 75 + g. Give i(l).
0
Suppose 4 = -2*q + 4*j, -3*q - 2*j - 8 = -5*q. Let n(c) = c**2 - 11*c + 27. Calculate n(q).
17
Let h(k) = 15*k**3 - 3*k**2 + 6. Let n(o) = 17*o**3 - 4*o**2 + 8. Let r(q) = 4*h(q) - 3*n(q). Let g(i) = -i**3 + 2*i**2 + i + 7. Let d be g(3). Determine r(d).
9
Let y(g) = -g + 2*g + 0*g + 46 + 0*g - 47. Determine y(9).
8
Let o(a) = a**2 + 2*a - 19. Let v be o(4). Let t(m) = -20 + 2*m + 17 - 2 - 7. Calculate t(v).
-2
Let d(s) = -s + 2. Let w(g) = -1. Let u(c) = -3*d(c) + w(c). Let r be u(9). Let f be (4/3)/(r/(-120)). Let q(a) = 2*a + 9. Give q(f).
-7
Let k(i) = i**2 + 6*i + 1. Suppose -d - 18 = 3*r - 0*r, 3*r - 6 = 3*d. What is k(d)?
1
Let j(l) = -l**2 - 7*l + 5. Let s(k) = 14*k**2 + 4*k - 2. Let c be s(7). Suppose -192 + c = 8*r. Let x = r + -71. Calculate j(x).
11
Let m(h) = h**2 - 18*h + 21. Let f(t) = -4*t + 317. Let p be f(75). Calculate m(p).
4
Suppose 4*d - v - 16 = 0, 14*v - 23 = -3*d + 12*v. Let i(z) = 4 - z + 3 - d*z**2 + 3 + 10*z**3 - 9*z**3. Calculate i(5).
5
Let v(m) = 3*m**2 + 10*m - 6. Let p be v(11). Let l = -476 + p. Let t(n) = -n**2 - 10*n. Give t(l).
9
Suppose 0 = -4*a + 2*k - 84, 5*a + 0*k = -4*k - 118. Let t be (2 - a/6)*-3. Let s = 20 + t. Let n(d) = -d**3 + 3*d**2 + 3*d - 4. Calculate n(s).
5
Let k(z) = -z**2 + 20*z + 19. Let q be k(21). Let h(i) = -7*i + 5. Let a(b) = -7*b + 7. Let n(o) = q*a(o) + 3*h(o). Determine n(2).
-13
Let i(y) = -8*y**2 + 29*y + 18. Let u(f) = 21*f**2 - 87*f - 50. Let j(o) = -8*i(o) - 3*u(o). What is j(-28)?
-22
Suppose 0 = 26*u - 12*u - 70. Let l(o) = 4*o + 14 + 1 - 10*o + u*o. Give l(11).
4
Let v = -80 - -108. Let r = v - 34. Let p(j) = -j**2 - 7*j - 5. Calculate p(r).
1
Let h = 11794 - 11790. Let u(f) be the third derivative of -1/4*f**h - f**3 + 0*f + 0 - 11*f**2. Give u(-4).
18
Let x = -297 + 316. Suppose 8 = -w - u, 32 = -4*w - 24*u + x*u. Let n(l) = -l - 8. Determine n(w).
0
Let u = 1296 + -1296. Let h(b) be the second derivative of 36*b + 1/3*b**4 + u - 1/20*b**5 + 5/6*b**3 - b**2. Give h(5).
-2
Let z(m) be the second derivative of m**4/6 - m**3/6 - 19*m. Let o be 77/9 + -7 + (-4)/(-9). What is z(o)?
6
Let o(k) = 198*k**2 - 392*k**2 - k + 2 + 196*k**2. Let m be 4 - ((-10)/5 + 5). Let p(w) = 3*w. Let h be p(m). What is o(h)?
17
Let c(h) = -14 + 31 + 2*h - 3*h - 12 + 2*h. Let v be (-2)/(-9) + (-75)/(-27). Suppose -3 = p + v. Give c(p).
-1
Suppose 0 = -h + 5*z - 1, 0 = 5*h + z - 21. Let d(c) = 26 + 991*c**2 - 992*c**2 + 7 - h. Give d(0).
29
Let a(x) = 16 + 18 + 33*x - 39 - 31*x. Let o be (-14)/(-7)*(-6)/4. Give a(o).
-11
Let r(o) = o**3 + 7*o**2 - 12*o + 7. Suppose 0*z + 2*z + 48 = -4*z. Determine r(z).
39
Let f(d) be the first derivative of d**4/4 + 2*d**3 + d**2 - 9*d + 1861. Determine f(-5).
6
Let d be (-806)/130 + 2 - 1/(10/8). Let i(r) = -r**2 - 19*r - 64. Calculate i(d).
6
Let n = -167 - -81. Let l be (111 - (0 - -3))*(-6)/8. Let d = l - n. Let y(w) = w**3 - 4*w**2 - w + 1. Calculate y(d).
21
Let q(o) = -6*o**2 - o + 3. Let c be (49 + -52 + 30/8)*-4. What is q(c)?
-48
Let j(z) = z**3 - 13*z**2 + 20. Suppose -540 + 1450 = 70*b. What is j(b)?
20
Let n(a) = 9*a + 3. Let u(s) = 8*s + 2. Let l(t) = -6*n(t) + 7*u(t). Let y be (-120)/(-5) - (-522)/(-29). What is l(y)?
8
Suppose 8 = 2*p + x, 2*p + x + x = 12. Let n(u) = 11 + 2*u**2 - p*u**2 + u**2 + 9*u - 17*u. Give n(6).
-1
Let l be (-3)/(-3) + -3*2 - -7. Let z(g) = -10*g**2 - 5*g + g**3 + 0*g**2 + 13*g**l - 6. Give z(-4).
-2
Let i(o) = 3*o**2 - o. Let h be i(1). Let v(q) = -3*q + 26. Let r be v(8). Let w(f) = 36*f + 40*f - f**2 + 2*f**r + 1 - 77*f. Give w(h).
3
Let m(g) = g**2 - 4*g + 3. Let k(i) = i**2 - 5*i + 4. Let r(y) = 4*k(y) - 5*m(y). Let t = 193 + 24. Let o be ((-62)/t)/((-2)/(-14)). Give r(o).
-3
Suppose -5*o = 2*z + 10, 0 = z + 5*o - 0*o + 10. Let d(j) = z*j**3 - 11*j + 4*j**3 + 6 - 5*j**3 + 12*j**2. Suppose 11*g - 35 = 86. Give d(g).
6
Let t(p) = 14*p**2 + 5*p - 25. Let j(y) = 37*y**2 + 14*y - 70. Let i(d) = -4*j(d) + 11*t(d). Determine i(0).
5
Let p(d) be the first derivative of -5*d + 52 + 2*d**3 + 1/4*d**4 + 0*d**2. Suppose 2*t = 5*n + 15, -t + 15 = -4*n - 0*t. Give p(n).
20
Let n(w) = 4*w**3 - 6*w**2 - 14*w - 25. Let a(g) be the second derivative of g**5/20 + g**4/12 - 2*g**2 + 237*g. Let f(r) = 5*a(r) - n(r). Calculate f(-10).
-35
Let x(a) be the first derivative of a**6/120 + a**5/20 + a**4/12 - 2*a**3/3 + 3*a**2/2 - 8*a + 69. Let k(w) be the second derivative of x(w). Give k(-3).
-10
Let m(c) be the second derivative of -21*c - 1/2*c**3 + 0 - 3*c**2. Let v be ((-15)/(-6))/(2 - 15/6). What is m(v)?
9
Let y(m) = -25*m**2 - 11*m + 14. Let v(o) = -104*o**2 - 45*o + 58. Let j(k) = -6*v(k) + 25*y(k). Determine j(-4).
6
Let z(q) = q + 1. Let o(k) = -2*k**3 - 6*k**2 - 3*k - 4. Suppose 11*y + 20 + 13 = 0. Let g be o(y). Give z(g).
6
Let s = 46 - 40. Suppose s = 2*t - 4. Let w(c) = -9*c + 5*c - t*c**2 + 3 + 9*c - c**3. What is w(-6)?
9
Let p(q) be the third derivative of q**5/20 - 13*q**4/24 - 13*q**3/6 - 1344*q**2. Determine p(5).
-3
Suppose 0 = 184*x + 24 + 160. Let h(o) = -31*o + 10. What is h(x)?
41
Let v(z) = -14*z**3 + 28*z**2 - 23*z + 24. Let u(y) = -11*y**3 + 28*y**2 - 24*y + 24. Let g(p) = -5*u(p) + 4*v(p). Give g(-29).
5
Let i(s) = 3*s**3 - 17 - 10*s**2 - 5*s**3 + 6 + 2*s + 3*s**3. Let g = -1410 + 1420. What is i(g)?
9
Let q = -24263 - -24248. Let k(o) = -10*o - 155. Give k(q).
-5
Let p(g) = 3*g**2 + 284. Let c(k) = -9*k**2 - 805. Let n(w) = 6*c(w) + 17*p(w). Let l be -1 - 1 - 20/(-5). Give n(l).
-14
Let p(u) be the first derivative of -u**4/4 + 2*u**3/3 + 3*u**2/2 - 4*u - 2. Let b be 4 + 3 - 3 - (-32 - -33). Give p(b).
-4
Suppose 0*g - 4*l = -2*g + 10, 0 = g - 3*l - 8. Let d be (g/(-4))/((-5)/(-40)). Let u(j) = 5*j - j**d - 9*j + 3*j. Give u(-1).
0
Suppose 7 = -4*s + 3*s - 5*l, 0 = -3*s + 3*l - 3. Let c(k) be the first derivative of k**4/4 - k**3/3 - k**2/2 + k - 36144. Give c(s).
-9
Suppose -39 = -4*d + x, d + 12*x = 9*x. Let t(h) = d*h**3 + 825*h - 11 - 10*h**3 + 8*h**2 - 815*h. Determine t(9).
-2
Let y(j) = 7*j + j**2 - 18*j + 2 + 6*j - 6 + 15. Determine y(-5).
61
Let h(z) = -5*z**3 + 9*z**2 + 4. Let r(g) = -7*g**3 + 14*g**2 + 6. Let i(f) = 8*h(f) - 5*r(f). Let c = -2165 - -2167. What is i(c)?
-30
Let s(p) = p + 29. Let t(k) = 2*k**2 + 39*k + 67. Let v be t(-18). Give s(v).
42
Let l(m) = 5*m**3 - 6*m**3 + 3*m**2 - 2897*m - 6 + 0*m**3 + 2906*m. What is l(7)?
-139
Suppose 558 = -2*a - 4*c + 592, 0 = -a + 3*c - 3. Let v(z) be the first derivative of -z**3/3 + 4*z**2 - 3*z - 1. What is v(a)?
-12
Let j(a) = 21 + 145*a + 121*a - 400*a + 131*a. What is j(-5)?
36
Suppose 4*i - 15 = 37. Suppose 0 = 12*z - i*z + 23. Let b(t) = -20*t - 1 + 44*t - z*t. Give b(3).
2
Let a(v) = -6*v + 0 + 4 - 6 + 4 - 9. Calculate a(3).
-25
Let b(p) = -30*p**2 - 14*p + 6. Let g(j) = -11*j**2 - 4*j + 2. Let s(z) = 4*b(z) - 11*g(z). Suppose -2*w - 2*t - 46 = -6*w, 2*w = 5*t + 19. Calculate s(w).
2
Let r(y) be the second derivative of -4/3*y**4 - 1/3*y**3 + y**2 + 0 + 296*y. Determine r(1).
-16
Suppose -1021*s + 1020*s = -8. Let h(g) be the third derivative of g**5/60 - 7*g**4/24 - 11*g**3/6 + 10*g**2. Determine h(s).
-3
Suppose -18*m = -13*m - 15. Let q(f) = 2*f - 2*f**3 - 2 + 276*f**2 - 270*f**2 + m*f**3. Let j be q(-2). Let d(u) = -u + 13. Give d(j).
3
Let z(b) = 2*b**2 - 20*b + 19. Let y be z(9). Suppose -2*m + 2*w = -154, y = -w - 0. Let s = -74 + m. Let u(x) = 3*x**3 - 4*x**2 + 2*x +